08. Calculate the greatest common divisor of f and 17.
17
Let o(y) be the second derivative of -19*y**3/6 - 13*y**2 + 3*y. Let g be o(-6). Calculate the highest common factor of 11 and g.
11
Let t be (1/(-4))/((-30)/360). Calculate the highest common divisor of 108 and t.
3
Suppose -3*t + 15 - 12 = 0. Let m be (-22)/(-55)*(t - 6)*-2. Calculate the greatest common factor of 36 and m.
4
Suppose -r = -1, -9*r + 14*r = -3*k + 104. What is the highest common factor of 3 and k?
3
Suppose -a = x - 2 - 13, 3*x + 4*a = 47. Let v(q) = -16 - q**2 - x*q - 6*q + 2*q. Let y be v(-13). What is the highest common divisor of y and 9?
9
Let y = 10 + 68. Let h be 12/y + (-206)/(-13). Suppose -q + h = q. What is the highest common factor of q and 2?
2
Let m be (129/(-6) + -1)/(-3)*2. Let h(l) = 5*l - 5. Let r be h(4). Calculate the highest common divisor of m and r.
15
Let k = 116 + 15. Let f = k + -89. Suppose 471 + 19 = 35*d. Calculate the highest common divisor of f and d.
14
Let t be (1156/51)/((-2)/(-6)). Calculate the greatest common factor of t and 17.
17
Suppose 4*d = -4*h + 3*d + 82, 17 = h + 2*d. What is the greatest common factor of 133 and h?
7
Let i(s) = 6*s**2 + 147*s - 105. Let w be i(-26). What is the highest common divisor of w and 215?
43
Let k = 14 - 4. Let v be (20/2)/(5/10). What is the greatest common factor of v and k?
10
Suppose 2 + 1 = -3*k. Suppose -4*p + 2*y = y + 1, -2*y + 2 = 0. Let q be (-9 + 5)*(k - p). Calculate the highest common divisor of q and 32.
4
Suppose -2*w + w + 2 = 0, 66 = 2*h + 3*w. Suppose 2*v - h = -0*v. Let n = 334 + -324. What is the highest common factor of n and v?
5
Suppose -36 = -3*h + 4*u + 440, 0 = h - 3*u - 157. Let g = 230 - 154. Suppose -g = -4*f - 4*p, 0*p - p = 1. What is the highest common divisor of h and f?
20
Let y(b) = -4*b - 28. Let l be 3/(6/(-22)) + 39/39. Let m be y(l). What is the greatest common divisor of m and 48?
12
Let v(q) = 12*q - 22. Let r be v(4). Calculate the highest common divisor of r and 117.
13
Suppose -2*g + 2*v + 0*v - 2 = 0, -4*v = g - 9. What is the greatest common factor of g and 8?
1
Let j be ((-8)/(-16))/((-2)/(-412)). Let b = j + -59. What is the greatest common factor of 22 and b?
22
Suppose 0 = 2*u + 5*y + 70, 0*u + 175 = -5*u - 5*y. Let c = 61 - u. Calculate the highest common factor of c and 144.
48
Suppose -5*n + 16 = 3*n. Suppose s + n*s - 9 = 0, h - 13 = 5*s. Let u be 225/4 + 1/(-4). What is the highest common divisor of h and u?
28
Suppose 0 = -p, 4*m - 4*p = -0*p. Suppose m = -r - r - 6. Let g = r - -8. What is the highest common factor of 55 and g?
5
Suppose 3*y + 612 = 6*y. Let k(h) = -h**3 - 15*h**2 + 9*h - 7. Let o be k(-16). Let l = y - o. What is the greatest common factor of 9 and l?
9
Suppose -20 = -t - 3. Let k be (-1 - -1 - 1) + t. Suppose 5*s + 0*s + 4*o = 636, -130 = -s + 2*o. What is the greatest common divisor of s and k?
16
Suppose 4 + 15 = -3*n + 2*g, 15 = 3*g. Let z be (-726)/(-4)*(-2)/n. Calculate the highest common divisor of 11 and z.
11
Suppose -11*x + 549 = 186. What is the highest common factor of 3 and x?
3
Let r(q) = -7*q**3 - q**2 + 3*q + 9. Let z be r(-3). Suppose p + 3*p = z. What is the greatest common divisor of 9 and p?
9
Let m(t) = t**3 - t**2 - t + 17. Let u be m(0). Suppose 267 = 3*n - 4*q, 3*n + 2*q - 46 = 203. Calculate the highest common factor of u and n.
17
Let i = -139 - -289. Let y = i + -85. What is the greatest common divisor of y and 5?
5
Suppose 0 = -3*s - 5*f + 99, 10*s - 69 - 205 = 2*f. Calculate the highest common divisor of s and 3.
1
Let a(n) = -37*n - 114. Let b be a(-6). What is the greatest common divisor of b and 78?
6
Let a(q) = 4*q**3 + 3*q**2 - 2*q - 3*q**3 - 5*q**2. Let r be a(3). Suppose 6*n - r = 3*n. Calculate the highest common divisor of n and 6.
1
Suppose 2352*k - 2357*k = -300. What is the highest common divisor of k and 35?
5
Suppose 3*b - 5 = 4. Suppose 0*i = -b*i + 6. Let m be (-1)/i - 275/(-22). What is the greatest common factor of m and 36?
12
Let w = 24 - 20. Let x(i) = 7*i**2 + 6*i - 18. Let m be x(w). Calculate the highest common divisor of 295 and m.
59
Let g(y) = 4*y**3 + 3*y**2 - y + 1. Let t be g(3). Let v be (-6)/2*t/(-57). Let w(k) = 2*k + 4. Let b be w(v). Calculate the highest common factor of 9 and b.
9
Let i be (5 + (44/(-6))/1)*-111. What is the highest common factor of i and 111?
37
Suppose l + 5 = 0, 48 + 2 = d - 4*l. Let q(a) = a**3 - 16*a**2 + a + 24. Let o be q(16). What is the greatest common divisor of d and o?
10
Let z(g) = 64*g - 573. Let u be z(27). What is the highest common factor of 110 and u?
55
Let m = -3 - 0. Let r(j) = -23*j + 3. Let i be r(m). Suppose l - 4*s = 18, 9*l - i = 4*l + 2*s. Calculate the highest common divisor of 7 and l.
7
Let g(s) = s**3 - 7*s**2 - 6*s - 171. Let l be g(10). What is the greatest common divisor of 184 and l?
23
Let o be 12/(-7)*(-10 + 3). Let p = 345 + -309. Calculate the highest common divisor of p and o.
12
Suppose 0 = 2*p - l - 12, 0 = 2*p + 2*l + 2*l - 12. What is the highest common divisor of 8 and p?
2
Suppose -81*r = -87*r + 78. Calculate the greatest common divisor of 39 and r.
13
Suppose 0 = -2*i + 2 + 6. Let b = i + -1. Let c = 17 - b. What is the greatest common divisor of 35 and c?
7
Let k be ((-19)/5)/((-4)/100). What is the highest common divisor of 5 and k?
5
Suppose 3*z + 847 = 14*z. Calculate the highest common factor of 154 and z.
77
Suppose -2*a + 28 = 8. Let v = -13 - -16. Suppose 3*x + 4 = -4*s + v, -2*x = s - 6. Calculate the highest common factor of x and a.
5
Let b be 0*(-2)/(-10) + 4. Suppose -3*y = -4*y - 3*h + 143, -2*h = b*y - 562. What is the highest common divisor of y and 28?
28
Let y(x) = -x**2 - 11*x - 16. Let v be y(-6). Suppose v = 5*n + 3*q, q = 3*q + 4. What is the greatest common divisor of 4 and n?
4
Suppose 7*b + 27 = 10*b. Let y be b/(-2)*(1 - 2 - 1). Calculate the greatest common factor of y and 81.
9
Suppose 21*b = 70496 - 22868. What is the highest common divisor of 168 and b?
84
Suppose 0 = 5*n + 7*n - 504. Calculate the greatest common divisor of 28 and n.
14
Let d be (4/3)/(2/6). Suppose d*c = 26 + 10. Let i be (12/c)/(8/60). What is the highest common divisor of 2 and i?
2
Suppose -f - 3*n - 37 = -5*f, 3*f - 5*n - 36 = 0. Suppose -f*a + 2*a = -15. Let s = 2168 - 2144. What is the highest common divisor of a and s?
3
Suppose 3*j = 13 + 11. Let m = 12 - j. Let o = -72 + 104. What is the greatest common divisor of m and o?
4
Suppose 118 = -b + 122. Suppose -2*w - f + 31 = 0, -3*w + b*w - 20 = -5*f. What is the greatest common factor of w and 165?
15
Let c be (-2)/(-14) - 44/14. Let k be (-1)/c - 8/(-3). What is the greatest common factor of k and 1?
1
Let a be ((-1)/3)/(13/(-1248)). What is the greatest common factor of 4 and a?
4
Suppose 4*t - 4*o = 8, 3*t + 3 = 5*o - 1. Suppose -4*p - 18 = -t*p. What is the highest common factor of 2 and p?
2
Let a be 6/(-15) + 4/10 - -37. Let u(g) = 2*g - 3. Let j be u(5). Suppose -j*x + 9*x = 370. What is the highest common factor of a and x?
37
Let i(a) = -17*a - 161. Let j be i(-13). Let f be 478/12 + (-1)/(-6). What is the greatest common divisor of j and f?
20
Suppose 2*x = -x + 42. Suppose 0 = -l - 3*z + 30, 2*l - 3*l - 2*z = -26. Let j be l*(x/6 + -1). Calculate the greatest common divisor of 3 and j.
3
Let i(n) = 10*n + 14. Let k be i(4). What is the highest common divisor of 2 and k?
2
Let q = -514 + 610. Suppose 4*j + 50 = 178. What is the greatest common factor of q and j?
32
Let g = 16 - 11. Suppose 27 = g*v + f, 3*f - 21 = -3*v - 0*f. Suppose -6*i - w = -i - 71, 0 = 3*i - v*w - 37. Calculate the greatest common factor of 42 and i.
14
Let n be (-56)/(-3) - 58/(-174). Calculate the highest common factor of 361 and n.
19
Let h = -4 + 11. Suppose k + 147 = 4*k. Calculate the greatest common factor of h and k.
7
Let x be 1 + 0 - 165/33. Let n be x*(-1 - (-1)/4). Calculate the highest common factor of n and 33.
3
Suppose 0 = l + q - 24, 3*q + 0 = l - 4. What is the greatest common factor of 114 and l?
19
Suppose 5*h - 3232 = 108*w - 110*w, -4*w + 1928 = 3*h. What is the highest common factor of 27 and h?
27
Let k(s) = 4*s**2 + 2*s + 5. Let a be k(-1). Calculate the greatest common factor of 16 and a.
1
Suppose -2*d + 0 = -3*k + 1, 0 = 5*k - 